{"id":85,"date":"2025-03-18T13:56:01","date_gmt":"2025-03-18T12:56:01","guid":{"rendered":"https:\/\/brazocrew.it\/?page_id=85"},"modified":"2025-08-25T11:18:31","modified_gmt":"2025-08-25T09:18:31","slug":"inizio","status":"publish","type":"page","link":"https:\/\/brazocrew.it\/","title":{"rendered":"Home"},"content":{"rendered":"\t\t<div data-elementor-type=\"wp-page\" data-elementor-id=\"85\" class=\"elementor elementor-85\" data-elementor-post-type=\"page\">\n\t\t\t\t<div class=\"elementor-element elementor-element-767a8ed e-flex e-con-boxed e-con e-parent\" data-id=\"767a8ed\" data-element_type=\"container\" data-settings=\"{&quot;background_background&quot;:&quot;classic&quot;}\">\n\t\t\t\t\t<div class=\"e-con-inner\">\n\t\t<div class=\"elementor-element elementor-element-b56ec98 e-con-full e-flex e-con e-child\" data-id=\"b56ec98\" data-element_type=\"container\">\n\t\t\t\t<div class=\"elementor-element elementor-element-94d7c33 elementor-widget elementor-widget-video\" data-id=\"94d7c33\" data-element_type=\"widget\" data-settings=\"{&quot;youtube_url&quot;:&quot;https:\\\/\\\/youtu.be\\\/qNDEEcUla0w&quot;,&quot;autoplay&quot;:&quot;yes&quot;,&quot;play_on_mobile&quot;:&quot;yes&quot;,&quot;loop&quot;:&quot;yes&quot;,&quot;video_type&quot;:&quot;youtube&quot;,&quot;controls&quot;:&quot;yes&quot;}\" data-widget_type=\"video.default\">\n\t\t\t\t<div class=\"elementor-widget-container\">\n\t\t\t\t\t\t\t<div class=\"elementor-wrapper elementor-open-inline\">\n\t\t\t<div class=\"elementor-video\"><\/div>\t\t<\/div>\n\t\t\t\t\t\t<\/div>\n\t\t\t\t<\/div>\n\t\t\t\t<div class=\"elementor-element elementor-element-5a1cd06 elementor-widget elementor-widget-heading\" data-id=\"5a1cd06\" data-element_type=\"widget\" data-widget_type=\"heading.default\">\n\t\t\t\t<div class=\"elementor-widget-container\">\n\t\t\t\t\t<h2 class=\"elementor-heading-title elementor-size-default\">Creativit\u00e0, Passione e Innovazione: Il Mio Viaggio da Grafico a Influencer<\/h2>\t\t\t\t<\/div>\n\t\t\t\t<\/div>\n\t\t\t\t<div class=\"elementor-element elementor-element-f1718cb elementor-widget elementor-widget-heading\" data-id=\"f1718cb\" data-element_type=\"widget\" data-widget_type=\"heading.default\">\n\t\t\t\t<div class=\"elementor-widget-container\">\n\t\t\t\t\t<h2 class=\"elementor-heading-title elementor-size-default\">Dal Brasile a Roma, un viaggio che unisce passione e creativit\u00e0. Scopri come ho trasformato i miei sogni in realt\u00e0, passando dalla grafica alla vita da influencer e oltre<\/h2>\t\t\t\t<\/div>\n\t\t\t\t<\/div>\n\t\t\t\t<div class=\"elementor-element elementor-element-db36b83 elementor-align-left elementor-widget elementor-widget-button\" data-id=\"db36b83\" data-element_type=\"widget\" data-widget_type=\"button.default\">\n\t\t\t\t<div class=\"elementor-widget-container\">\n\t\t\t\t\t\t\t\t\t<div class=\"elementor-button-wrapper\">\n\t\t\t\t\t<a class=\"elementor-button elementor-button-link elementor-size-sm elementor-animation-grow\" href=\"#\">\n\t\t\t\t\t\t<span class=\"elementor-button-content-wrapper\">\n\t\t\t\t\t\t\t\t\t<span class=\"elementor-button-text\">CONTATTA<\/span>\n\t\t\t\t\t<\/span>\n\t\t\t\t\t<\/a>\n\t\t\t\t<\/div>\n\t\t\t\t\t\t\t\t<\/div>\n\t\t\t\t<\/div>\n\t\t\t\t<\/div>\n\t\t<div class=\"elementor-element elementor-element-3fe41df e-con-full e-flex e-con e-child\" data-id=\"3fe41df\" data-element_type=\"container\">\n\t\t\t\t<\/div>\n\t\t\t\t\t<\/div>\n\t\t\t\t<\/div>\n\t\t<div class=\"elementor-element elementor-element-ba5ba60 e-flex e-con-boxed e-con e-parent\" data-id=\"ba5ba60\" data-element_type=\"container\">\n\t\t\t\t\t<div class=\"e-con-inner\">\n\t\t\t\t<div class=\"elementor-element elementor-element-314e9e6 elementor-widget elementor-widget-heading\" data-id=\"314e9e6\" data-element_type=\"widget\" data-widget_type=\"heading.default\">\n\t\t\t\t<div class=\"elementor-widget-container\">\n\t\t\t\t\t<h2 class=\"elementor-heading-title elementor-size-default\">Alcuni dati e i video pi\u00f9 visti<\/h2>\t\t\t\t<\/div>\n\t\t\t\t<\/div>\n\t\t\t\t<div class=\"elementor-element elementor-element-20f428b elementor-align-center elementor-icon-list--layout-traditional elementor-list-item-link-full_width elementor-widget elementor-widget-icon-list\" data-id=\"20f428b\" data-element_type=\"widget\" data-widget_type=\"icon-list.default\">\n\t\t\t\t<div class=\"elementor-widget-container\">\n\t\t\t\t\t\t\t<ul class=\"elementor-icon-list-items\">\n\t\t\t\t\t\t\t<li class=\"elementor-icon-list-item\">\n\t\t\t\t\t\t\t\t\t\t\t<span class=\"elementor-icon-list-icon\">\n\t\t\t\t\t\t\t<svg aria-hidden=\"true\" class=\"e-font-icon-svg e-far-star\" viewBox=\"0 0 576 512\" xmlns=\"http:\/\/www.w3.org\/2000\/svg\"><path d=\"M528.1 171.5L382 150.2 316.7 17.8c-11.7-23.6-45.6-23.9-57.4 0L194 150.2 47.9 171.5c-26.2 3.8-36.7 36.1-17.7 54.6l105.7 103-25 145.5c-4.5 26.3 23.2 46 46.4 33.7L288 439.6l130.7 68.7c23.2 12.2 50.9-7.4 46.4-33.7l-25-145.5 105.7-103c19-18.5 8.5-50.8-17.7-54.6zM388.6 312.3l23.7 138.4L288 385.4l-124.3 65.3 23.7-138.4-100.6-98 139-20.2 62.2-126 62.2 126 139 20.2-100.6 98z\"><\/path><\/svg>\t\t\t\t\t\t<\/span>\n\t\t\t\t\t\t\t\t\t\t<span class=\"elementor-icon-list-text\">Un mix di arte, storytelling e autenticit\u00e0<\/span>\n\t\t\t\t\t\t\t\t\t<\/li>\n\t\t\t\t\t\t<\/ul>\n\t\t\t\t\t\t<\/div>\n\t\t\t\t<\/div>\n\t\t<div class=\"elementor-element elementor-element-de5e758 e-grid e-con-full e-con e-child\" data-id=\"de5e758\" data-element_type=\"container\">\n\t\t\t\t<div class=\"elementor-element elementor-element-319b758 elementor-cta--skin-classic elementor-animated-content elementor-widget elementor-widget-call-to-action\" data-id=\"319b758\" data-element_type=\"widget\" data-widget_type=\"call-to-action.default\">\n\t\t\t\t<div class=\"elementor-widget-container\">\n\t\t\t\t\t\t\t<div class=\"elementor-cta\">\n\t\t\t\t\t<div class=\"elementor-cta__bg-wrapper\">\n\t\t\t\t<div class=\"elementor-cta__bg elementor-bg\" style=\"background-image: url(https:\/\/brazocrew.it\/wp-content\/uploads\/2025\/03\/thumbnail-PARATA-CH.jpeg);\" role=\"img\" aria-label=\"thumbnail PARATA CH\"><\/div>\n\t\t\t\t<div class=\"elementor-cta__bg-overlay\"><\/div>\n\t\t\t<\/div>\n\t\t\t\t\t\t\t<div class=\"elementor-cta__content\">\n\t\t\t\t\n\t\t\t\t\t\t\t\t\t<h2 class=\"elementor-cta__title elementor-cta__content-item elementor-content-item\">\n\t\t\t\t\t\tPARATA CHALLENGE 5.0 w\/IlluminatiCrew\t\t\t\t\t<\/h2>\n\t\t\t\t\n\t\t\t\t\t\t\t\t\t<div class=\"elementor-cta__description elementor-cta__content-item elementor-content-item\">\n\t\t\t\t\t\tMomenti comici e imprevisti che intrattengono il pubblico.\t\t\t\t\t<\/div>\n\t\t\t\t\n\t\t\t\t\t\t\t\t\t<div class=\"elementor-cta__button-wrapper elementor-cta__content-item elementor-content-item \">\n\t\t\t\t\t<a class=\"elementor-cta__button elementor-button elementor-size-\">\n\t\t\t\t\t\tVIDEO\t\t\t\t\t<\/a>\n\t\t\t\t\t<\/div>\n\t\t\t\t\t\t\t<\/div>\n\t\t\t\t\t\t<\/div>\n\t\t\t\t\t\t<\/div>\n\t\t\t\t<\/div>\n\t\t\t\t<div class=\"elementor-element elementor-element-b6e66c0 elementor-cta--skin-classic elementor-animated-content elementor-widget elementor-widget-call-to-action\" data-id=\"b6e66c0\" data-element_type=\"widget\" data-widget_type=\"call-to-action.default\">\n\t\t\t\t<div class=\"elementor-widget-container\">\n\t\t\t\t\t\t\t<div class=\"elementor-cta\">\n\t\t\t\t\t<div class=\"elementor-cta__bg-wrapper\">\n\t\t\t\t<div class=\"elementor-cta__bg elementor-bg\" style=\"background-image: url(https:\/\/brazocrew.it\/wp-content\/uploads\/2025\/03\/thumbnail-PARATA-CH_2.jpg);\" role=\"img\" aria-label=\"thumbnail-PARATA-CH_2\"><\/div>\n\t\t\t\t<div class=\"elementor-cta__bg-overlay\"><\/div>\n\t\t\t<\/div>\n\t\t\t\t\t\t\t<div class=\"elementor-cta__content\">\n\t\t\t\t\n\t\t\t\t\t\t\t\t\t<h2 class=\"elementor-cta__title elementor-cta__content-item elementor-content-item\">\n\t\t\t\t\t\tPARATA CHALLENGE 2.0 - w\/IlluminatiCrew - Matt&Bise\t\t\t\t\t<\/h2>\n\t\t\t\t\n\t\t\t\t\t\t\t\t\t<div class=\"elementor-cta__description elementor-cta__content-item elementor-content-item\">\n\t\t\t\t\t\tUn mix di humor e competizione, con piccole delusioni dai tiri falliti.\t\t\t\t\t<\/div>\n\t\t\t\t\n\t\t\t\t\t\t\t\t\t<div class=\"elementor-cta__button-wrapper elementor-cta__content-item elementor-content-item \">\n\t\t\t\t\t<a class=\"elementor-cta__button elementor-button elementor-size-\">\n\t\t\t\t\t\tVIDEO\t\t\t\t\t<\/a>\n\t\t\t\t\t<\/div>\n\t\t\t\t\t\t\t<\/div>\n\t\t\t\t\t\t<\/div>\n\t\t\t\t\t\t<\/div>\n\t\t\t\t<\/div>\n\t\t\t\t<div class=\"elementor-element elementor-element-8fb4ac8 elementor-cta--skin-classic elementor-animated-content elementor-widget elementor-widget-call-to-action\" data-id=\"8fb4ac8\" data-element_type=\"widget\" data-widget_type=\"call-to-action.default\">\n\t\t\t\t<div class=\"elementor-widget-container\">\n\t\t\t\t\t\t\t<div class=\"elementor-cta\">\n\t\t\t\t\t<div class=\"elementor-cta__bg-wrapper\">\n\t\t\t\t<div class=\"elementor-cta__bg elementor-bg\" style=\"background-image: url(https:\/\/brazocrew.it\/wp-content\/uploads\/2025\/03\/thumbnail_3-1024x576.jpeg);\" role=\"img\" aria-label=\"thumbnail_3\"><\/div>\n\t\t\t\t<div class=\"elementor-cta__bg-overlay\"><\/div>\n\t\t\t<\/div>\n\t\t\t\t\t\t\t<div class=\"elementor-cta__content\">\n\t\t\t\t\n\t\t\t\t\t\t\t\t\t<h2 class=\"elementor-cta__title elementor-cta__content-item elementor-content-item\">\n\t\t\t\t\t\tPARATA CHALLENGE CON SCOSSA ELETTRICA\t\t\t\t\t<\/h2>\n\t\t\t\t\n\t\t\t\t\t\t\t\t\t<div class=\"elementor-cta__description elementor-cta__content-item elementor-content-item\">\n\t\t\t\t\t\tMomenti divertenti: le reazioni comiche delle persone alla scossa elettrica e ai gol sbagliati.\t\t\t\t\t<\/div>\n\t\t\t\t\n\t\t\t\t\t\t\t\t\t<div class=\"elementor-cta__button-wrapper elementor-cta__content-item elementor-content-item \">\n\t\t\t\t\t<a class=\"elementor-cta__button elementor-button elementor-size-\">\n\t\t\t\t\t\tVIDEO\t\t\t\t\t<\/a>\n\t\t\t\t\t<\/div>\n\t\t\t\t\t\t\t<\/div>\n\t\t\t\t\t\t<\/div>\n\t\t\t\t\t\t<\/div>\n\t\t\t\t<\/div>\n\t\t\t\t<\/div>\n\t\t\t\t\t<\/div>\n\t\t\t\t<\/div>\n\t\t<div class=\"elementor-element elementor-element-c74da23 e-flex e-con-boxed e-con e-parent\" data-id=\"c74da23\" data-element_type=\"container\">\n\t\t\t\t\t<div class=\"e-con-inner\">\n\t\t\t\t<div class=\"elementor-element elementor-element-f3984f5 elementor-widget elementor-widget-video\" data-id=\"f3984f5\" data-element_type=\"widget\" data-settings=\"{&quot;youtube_url&quot;:&quot;https:\\\/\\\/www.youtube.com\\\/watch?v=12Nm2kd3kPk&quot;,&quot;_animation&quot;:&quot;none&quot;,&quot;video_type&quot;:&quot;youtube&quot;,&quot;controls&quot;:&quot;yes&quot;}\" data-widget_type=\"video.default\">\n\t\t\t\t<div class=\"elementor-widget-container\">\n\t\t\t\t\t\t\t<div class=\"elementor-wrapper elementor-open-inline\">\n\t\t\t<div class=\"elementor-video\"><\/div>\t\t<\/div>\n\t\t\t\t\t\t<\/div>\n\t\t\t\t<\/div>\n\t\t\t\t\t<\/div>\n\t\t\t\t<\/div>\n\t\t<div class=\"elementor-element elementor-element-06e6b91 e-flex e-con-boxed e-con e-parent\" data-id=\"06e6b91\" data-element_type=\"container\" data-settings=\"{&quot;background_background&quot;:&quot;gradient&quot;}\">\n\t\t\t\t\t<div class=\"e-con-inner\">\n\t\t\t\t<div class=\"elementor-element elementor-element-846502b elementor-widget elementor-widget-heading\" data-id=\"846502b\" data-element_type=\"widget\" data-widget_type=\"heading.default\">\n\t\t\t\t<div class=\"elementor-widget-container\">\n\t\t\t\t\t<h2 class=\"elementor-heading-title elementor-size-default\">Blog<\/h2>\t\t\t\t<\/div>\n\t\t\t\t<\/div>\n\t\t\t\t<div class=\"elementor-element elementor-element-5761342 elementor-align-center elementor-icon-list--layout-traditional elementor-list-item-link-full_width elementor-widget elementor-widget-icon-list\" data-id=\"5761342\" data-element_type=\"widget\" data-widget_type=\"icon-list.default\">\n\t\t\t\t<div class=\"elementor-widget-container\">\n\t\t\t\t\t\t\t<ul class=\"elementor-icon-list-items\">\n\t\t\t\t\t\t\t<li class=\"elementor-icon-list-item\">\n\t\t\t\t\t\t\t\t\t\t\t<span class=\"elementor-icon-list-icon\">\n\t\t\t\t\t\t\t<svg aria-hidden=\"true\" class=\"e-font-icon-svg e-far-star\" viewBox=\"0 0 576 512\" xmlns=\"http:\/\/www.w3.org\/2000\/svg\"><path d=\"M528.1 171.5L382 150.2 316.7 17.8c-11.7-23.6-45.6-23.9-57.4 0L194 150.2 47.9 171.5c-26.2 3.8-36.7 36.1-17.7 54.6l105.7 103-25 145.5c-4.5 26.3 23.2 46 46.4 33.7L288 439.6l130.7 68.7c23.2 12.2 50.9-7.4 46.4-33.7l-25-145.5 105.7-103c19-18.5 8.5-50.8-17.7-54.6zM388.6 312.3l23.7 138.4L288 385.4l-124.3 65.3 23.7-138.4-100.6-98 139-20.2 62.2-126 62.2 126 139 20.2-100.6 98z\"><\/path><\/svg>\t\t\t\t\t\t<\/span>\n\t\t\t\t\t\t\t\t\t\t<span class=\"elementor-icon-list-text\">Riflessioni, Consigli e Storie dal Mondo Creativo<\/span>\n\t\t\t\t\t\t\t\t\t<\/li>\n\t\t\t\t\t\t<\/ul>\n\t\t\t\t\t\t<\/div>\n\t\t\t\t<\/div>\n\t\t\t\t<div class=\"elementor-element elementor-element-9d92a32 elementor-widget elementor-widget-text-editor\" data-id=\"9d92a32\" data-element_type=\"widget\" data-widget_type=\"text-editor.default\">\n\t\t\t\t<div class=\"elementor-widget-container\">\n\t\t\t\t\t\t\t\t\t<p><span style=\"font-weight: 400;\">Nel mio blog condivido esperienze, riflessioni e consigli pratici su temi legati alla grafica, al mondo di YouTube e al digital marketing. Parlo delle mie esperienze nel settore della moda e della pubblicit\u00e0, ma anche delle sfide e delle opportunit\u00e0 che ho incontrato nel mio percorso come influencer. Se sei un appassionato di creativit\u00e0 digitale, o se desideri intraprendere un percorso simile al mio, questo \u00e8 il posto giusto per trovare ispirazione e suggerimenti pratici per crescere nel mondo della comunicazione visiva e digitale<\/span><\/p>\t\t\t\t\t\t\t\t<\/div>\n\t\t\t\t<\/div>\n\t\t\t\t<div class=\"elementor-element elementor-element-ba8aa47 elementor-grid-3 elementor-grid-tablet-2 elementor-grid-mobile-1 elementor-posts--thumbnail-top elementor-card-shadow-yes elementor-posts__hover-gradient elementor-widget elementor-widget-posts\" data-id=\"ba8aa47\" data-element_type=\"widget\" data-settings=\"{&quot;cards_columns&quot;:&quot;3&quot;,&quot;cards_columns_tablet&quot;:&quot;2&quot;,&quot;cards_columns_mobile&quot;:&quot;1&quot;,&quot;cards_row_gap&quot;:{&quot;unit&quot;:&quot;px&quot;,&quot;size&quot;:35,&quot;sizes&quot;:[]},&quot;cards_row_gap_tablet&quot;:{&quot;unit&quot;:&quot;px&quot;,&quot;size&quot;:&quot;&quot;,&quot;sizes&quot;:[]},&quot;cards_row_gap_mobile&quot;:{&quot;unit&quot;:&quot;px&quot;,&quot;size&quot;:&quot;&quot;,&quot;sizes&quot;:[]}}\" data-widget_type=\"posts.cards\">\n\t\t\t\t<div class=\"elementor-widget-container\">\n\t\t\t\t\t\t\t<div class=\"elementor-posts-container elementor-posts elementor-posts--skin-cards elementor-grid\">\n\t\t\t\t<article class=\"elementor-post elementor-grid-item post-256 post type-post status-publish format-standard has-post-thumbnail hentry category-grafica\">\n\t\t\t<div class=\"elementor-post__card\">\n\t\t\t\t<a class=\"elementor-post__thumbnail__link\" href=\"https:\/\/brazocrew.it\/index.php\/2025\/03\/26\/256\/\" tabindex=\"-1\" ><div class=\"elementor-post__thumbnail\"><img fetchpriority=\"high\" decoding=\"async\" width=\"1312\" height=\"736\" src=\"https:\/\/brazocrew.it\/wp-content\/uploads\/2025\/03\/a-cover-image-that-depicts-the-graphic-d_DJoVaFx2S_KEJbnLGGSumg_vckxmbBRQ8C1aHJntQgE8g.jpeg\" class=\"attachment-full size-full wp-image-258\" alt=\"\" srcset=\"https:\/\/brazocrew.it\/wp-content\/uploads\/2025\/03\/a-cover-image-that-depicts-the-graphic-d_DJoVaFx2S_KEJbnLGGSumg_vckxmbBRQ8C1aHJntQgE8g.jpeg 1312w, https:\/\/brazocrew.it\/wp-content\/uploads\/2025\/03\/a-cover-image-that-depicts-the-graphic-d_DJoVaFx2S_KEJbnLGGSumg_vckxmbBRQ8C1aHJntQgE8g-300x168.jpeg 300w, https:\/\/brazocrew.it\/wp-content\/uploads\/2025\/03\/a-cover-image-that-depicts-the-graphic-d_DJoVaFx2S_KEJbnLGGSumg_vckxmbBRQ8C1aHJntQgE8g-1024x574.jpeg 1024w, https:\/\/brazocrew.it\/wp-content\/uploads\/2025\/03\/a-cover-image-that-depicts-the-graphic-d_DJoVaFx2S_KEJbnLGGSumg_vckxmbBRQ8C1aHJntQgE8g-768x431.jpeg 768w, https:\/\/brazocrew.it\/wp-content\/uploads\/2025\/03\/a-cover-image-that-depicts-the-graphic-d_DJoVaFx2S_KEJbnLGGSumg_vckxmbBRQ8C1aHJntQgE8g-600x337.jpeg 600w\" sizes=\"(max-width: 1312px) 100vw, 1312px\" \/><\/div><\/a>\n\t\t\t\t<div class=\"elementor-post__badge\">grafica<\/div>\n\t\t\t\t<div class=\"elementor-post__text\">\n\t\t\t\t<h3 class=\"elementor-post__title\">\n\t\t\t<a href=\"https:\/\/brazocrew.it\/index.php\/2025\/03\/26\/256\/\" >\n\t\t\t\tTendenze nella Grafica 2025\t\t\t<\/a>\n\t\t<\/h3>\n\t\t\t\t<div class=\"elementor-post__excerpt\">\n\t\t\t<p>Tendenze Grafiche per il 2025: Cosa Aspettarsi nel Mondo del Design Siamo all&#8217;inizio del 2025 e, come da tradizione, \u00e8 il momento di dare uno<\/p>\n\t\t<\/div>\n\t\t\n\t\t<a class=\"elementor-post__read-more\" href=\"https:\/\/brazocrew.it\/index.php\/2025\/03\/26\/256\/\" aria-label=\"Read more about Tendenze nella Grafica 2025\" tabindex=\"-1\" >\n\t\t\tLeggi Tutto \u00bb\t\t<\/a>\n\n\t\t\t\t<\/div>\n\t\t\t\t\t<\/div>\n\t\t<\/article>\n\t\t\t\t<article class=\"elementor-post elementor-grid-item post-252 post type-post status-publish format-standard has-post-thumbnail hentry category-intelligenza-artificiale\">\n\t\t\t<div class=\"elementor-post__card\">\n\t\t\t\t<a class=\"elementor-post__thumbnail__link\" href=\"https:\/\/brazocrew.it\/index.php\/2025\/03\/26\/lavori-part-time-con-lintelligenza-artificiale\/\" tabindex=\"-1\" ><div class=\"elementor-post__thumbnail\"><img decoding=\"async\" width=\"1312\" height=\"736\" src=\"https:\/\/brazocrew.it\/wp-content\/uploads\/2025\/03\/a-futuristic-scene-of-people-working-par_PXXdynYOS7aUdYOZWY8KyQ_CLUuCFJ7ReWkh8iAbUnc-g.jpeg\" class=\"attachment-full size-full wp-image-254\" alt=\"\" srcset=\"https:\/\/brazocrew.it\/wp-content\/uploads\/2025\/03\/a-futuristic-scene-of-people-working-par_PXXdynYOS7aUdYOZWY8KyQ_CLUuCFJ7ReWkh8iAbUnc-g.jpeg 1312w, https:\/\/brazocrew.it\/wp-content\/uploads\/2025\/03\/a-futuristic-scene-of-people-working-par_PXXdynYOS7aUdYOZWY8KyQ_CLUuCFJ7ReWkh8iAbUnc-g-300x168.jpeg 300w, https:\/\/brazocrew.it\/wp-content\/uploads\/2025\/03\/a-futuristic-scene-of-people-working-par_PXXdynYOS7aUdYOZWY8KyQ_CLUuCFJ7ReWkh8iAbUnc-g-1024x574.jpeg 1024w, https:\/\/brazocrew.it\/wp-content\/uploads\/2025\/03\/a-futuristic-scene-of-people-working-par_PXXdynYOS7aUdYOZWY8KyQ_CLUuCFJ7ReWkh8iAbUnc-g-768x431.jpeg 768w, https:\/\/brazocrew.it\/wp-content\/uploads\/2025\/03\/a-futuristic-scene-of-people-working-par_PXXdynYOS7aUdYOZWY8KyQ_CLUuCFJ7ReWkh8iAbUnc-g-600x337.jpeg 600w\" sizes=\"(max-width: 1312px) 100vw, 1312px\" \/><\/div><\/a>\n\t\t\t\t<div class=\"elementor-post__badge\">Intelligenza artificiale<\/div>\n\t\t\t\t<div class=\"elementor-post__text\">\n\t\t\t\t<h3 class=\"elementor-post__title\">\n\t\t\t<a href=\"https:\/\/brazocrew.it\/index.php\/2025\/03\/26\/lavori-part-time-con-lintelligenza-artificiale\/\" >\n\t\t\t\tLavori Part-Time con l&#8217;Intelligenza Artificiale\t\t\t<\/a>\n\t\t<\/h3>\n\t\t\t\t<div class=\"elementor-post__excerpt\">\n\t\t\t<p>Sei Lavori Part-Time con l&#8217;Intelligenza Artificiale da Iniziare nel 2025: Una Guida Onesta Hai visto molti video su come guadagnare con l&#8217;intelligenza artificiale? Il creatore<\/p>\n\t\t<\/div>\n\t\t\n\t\t<a class=\"elementor-post__read-more\" href=\"https:\/\/brazocrew.it\/index.php\/2025\/03\/26\/lavori-part-time-con-lintelligenza-artificiale\/\" aria-label=\"Read more about Lavori Part-Time con l&#8217;Intelligenza Artificiale\" tabindex=\"-1\" >\n\t\t\tLeggi Tutto \u00bb\t\t<\/a>\n\n\t\t\t\t<\/div>\n\t\t\t\t\t<\/div>\n\t\t<\/article>\n\t\t\t\t<article class=\"elementor-post elementor-grid-item post-240 post type-post status-publish format-standard has-post-thumbnail hentry category-blog category-youtube-novita\">\n\t\t\t<div class=\"elementor-post__card\">\n\t\t\t\t<a class=\"elementor-post__thumbnail__link\" href=\"https:\/\/brazocrew.it\/index.php\/2025\/03\/26\/youtube-e-in-modalita-facile-come-esplodere-nel-2025\/\" tabindex=\"-1\" ><div class=\"elementor-post__thumbnail\"><img decoding=\"async\" width=\"1312\" height=\"736\" src=\"https:\/\/brazocrew.it\/wp-content\/uploads\/2025\/03\/a-youtube-video-thumbnail-with-the-text-_KFTr0C4TSd6H7gdGZ9ZOWg_yhmuMM41RlWsiwd7URNCaw.jpeg\" class=\"attachment-full size-full wp-image-242\" alt=\"\" srcset=\"https:\/\/brazocrew.it\/wp-content\/uploads\/2025\/03\/a-youtube-video-thumbnail-with-the-text-_KFTr0C4TSd6H7gdGZ9ZOWg_yhmuMM41RlWsiwd7URNCaw.jpeg 1312w, https:\/\/brazocrew.it\/wp-content\/uploads\/2025\/03\/a-youtube-video-thumbnail-with-the-text-_KFTr0C4TSd6H7gdGZ9ZOWg_yhmuMM41RlWsiwd7URNCaw-300x168.jpeg 300w, https:\/\/brazocrew.it\/wp-content\/uploads\/2025\/03\/a-youtube-video-thumbnail-with-the-text-_KFTr0C4TSd6H7gdGZ9ZOWg_yhmuMM41RlWsiwd7URNCaw-1024x574.jpeg 1024w, https:\/\/brazocrew.it\/wp-content\/uploads\/2025\/03\/a-youtube-video-thumbnail-with-the-text-_KFTr0C4TSd6H7gdGZ9ZOWg_yhmuMM41RlWsiwd7URNCaw-768x431.jpeg 768w, https:\/\/brazocrew.it\/wp-content\/uploads\/2025\/03\/a-youtube-video-thumbnail-with-the-text-_KFTr0C4TSd6H7gdGZ9ZOWg_yhmuMM41RlWsiwd7URNCaw-600x337.jpeg 600w\" sizes=\"(max-width: 1312px) 100vw, 1312px\" \/><\/div><\/a>\n\t\t\t\t<div class=\"elementor-post__badge\">Blog<\/div>\n\t\t\t\t<div class=\"elementor-post__text\">\n\t\t\t\t<h3 class=\"elementor-post__title\">\n\t\t\t<a href=\"https:\/\/brazocrew.it\/index.php\/2025\/03\/26\/youtube-e-in-modalita-facile-come-esplodere-nel-2025\/\" >\n\t\t\t\tYouTube \u00e8 in &#8220;Modalit\u00e0 Facile&#8221;: Come Esplodere nel 2025\t\t\t<\/a>\n\t\t<\/h3>\n\t\t\t\t<div class=\"elementor-post__excerpt\">\n\t\t\t<p>YouTube \u00e8 in &#8220;Modalit\u00e0 Facile&#8221;: Come Esplodere nel 2025 (Anche Partendo da Zero) Ciao a tutti! Avete presente quella sensazione che sia troppo tardi per<\/p>\n\t\t<\/div>\n\t\t\n\t\t<a class=\"elementor-post__read-more\" href=\"https:\/\/brazocrew.it\/index.php\/2025\/03\/26\/youtube-e-in-modalita-facile-come-esplodere-nel-2025\/\" aria-label=\"Read more about YouTube \u00e8 in &#8220;Modalit\u00e0 Facile&#8221;: Come Esplodere nel 2025\" tabindex=\"-1\" >\n\t\t\tLeggi Tutto \u00bb\t\t<\/a>\n\n\t\t\t\t<\/div>\n\t\t\t\t\t<\/div>\n\t\t<\/article>\n\t\t\t\t<\/div>\n\t\t\n\t\t\t\t\t\t<\/div>\n\t\t\t\t<\/div>\n\t\t\t\t<div class=\"elementor-element elementor-element-d539d55 elementor-align-center elementor-widget elementor-widget-button\" data-id=\"d539d55\" data-element_type=\"widget\" data-widget_type=\"button.default\">\n\t\t\t\t<div class=\"elementor-widget-container\">\n\t\t\t\t\t\t\t\t\t<div class=\"elementor-button-wrapper\">\n\t\t\t\t\t<a class=\"elementor-button elementor-button-link elementor-size-sm\" href=\"https:\/\/brazocrew.it\/index.php\/blog\/\">\n\t\t\t\t\t\t<span class=\"elementor-button-content-wrapper\">\n\t\t\t\t\t\t<span class=\"elementor-button-icon\">\n\t\t\t\t<svg aria-hidden=\"true\" class=\"e-font-icon-svg e-fas-long-arrow-alt-right\" viewBox=\"0 0 448 512\" xmlns=\"http:\/\/www.w3.org\/2000\/svg\"><path d=\"M313.941 216H12c-6.627 0-12 5.373-12 12v56c0 6.627 5.373 12 12 12h301.941v46.059c0 21.382 25.851 32.09 40.971 16.971l86.059-86.059c9.373-9.373 9.373-24.569 0-33.941l-86.059-86.059c-15.119-15.119-40.971-4.411-40.971 16.971V216z\"><\/path><\/svg>\t\t\t<\/span>\n\t\t\t\t\t\t\t\t\t<span class=\"elementor-button-text\">VEDI TUTTI I POST<\/span>\n\t\t\t\t\t<\/span>\n\t\t\t\t\t<\/a>\n\t\t\t\t<\/div>\n\t\t\t\t\t\t\t\t<\/div>\n\t\t\t\t<\/div>\n\t\t\t\t\t<\/div>\n\t\t\t\t<\/div>\n\t\t\t\t<\/div>\n\t\t","protected":false},"excerpt":{"rendered":"<p>Creativit\u00e0, Passione e Innovazione: Il Mio Viaggio da Grafico a Influencer Dal Brasile a Roma, un viaggio che unisce passione e creativit\u00e0. Scopri come ho trasformato i miei sogni in realt\u00e0, passando dalla grafica alla vita da influencer e oltre CONTATTA Alcuni dati e i video pi\u00f9 visti Un mix di arte, storytelling e autenticit\u00e0 [&hellip;]<\/p>\n","protected":false},"author":1,"featured_media":0,"parent":0,"menu_order":0,"comment_status":"closed","ping_status":"closed","template":"elementor_canvas","meta":{"_kadence_starter_templates_imported_post":false,"footnotes":""},"class_list":["post-85","page","type-page","status-publish","hentry"],"_links":{"self":[{"href":"https:\/\/brazocrew.it\/index.php\/wp-json\/wp\/v2\/pages\/85","targetHints":{"allow":["GET"]}}],"collection":[{"href":"https:\/\/brazocrew.it\/index.php\/wp-json\/wp\/v2\/pages"}],"about":[{"href":"https:\/\/brazocrew.it\/index.php\/wp-json\/wp\/v2\/types\/page"}],"author":[{"embeddable":true,"href":"https:\/\/brazocrew.it\/index.php\/wp-json\/wp\/v2\/users\/1"}],"replies":[{"embeddable":true,"href":"https:\/\/brazocrew.it\/index.php\/wp-json\/wp\/v2\/comments?post=85"}],"version-history":[{"count":97,"href":"https:\/\/brazocrew.it\/index.php\/wp-json\/wp\/v2\/pages\/85\/revisions"}],"predecessor-version":[{"id":378,"href":"https:\/\/brazocrew.it\/index.php\/wp-json\/wp\/v2\/pages\/85\/revisions\/378"}],"wp:attachment":[{"href":"https:\/\/brazocrew.it\/index.php\/wp-json\/wp\/v2\/media?parent=85"}],"curies":[{"name":"wp","href":"https:\/\/api.w.org\/{rel}","templated":true}]}}